ctors of 4487661918.
2, 3, 249314551
What are the prime factors of 34299442?
2, 17149721
List the prime factors of 662846687.
47, 97, 347, 419
What are the prime factors of 71478144?
2, 3, 62047
What are the prime factors of 1282879616?
2, 10022497
List the prime factors of 183690619.
7, 41, 101, 6337
What are the prime factors of 1959098061?
3, 8011, 81517
What are the prime factors of 5921816142?
2, 3, 11, 17, 79, 66809
What are the prime factors of 36293721?
3, 3253, 3719
What are the prime factors of 280527577?
11, 25502507
List the prime factors of 787101311.
1297, 606863
What are the prime factors of 129545999?
11, 1217, 9677
List the prime factors of 2218057316.
2, 31, 17887559
List the prime factors of 97018687.
103, 941929
What are the prime factors of 1784807168?
2, 6971903
What are the prime factors of 446550209?
7, 83, 768589
List the prime factors of 1886476032.
2, 3, 7, 116969
List the prime factors of 103750440.
2, 3, 5, 864587
What are the prime factors of 125451871?
1861, 67411
List the prime factors of 2406744901.
11, 107, 739, 2767
What are the prime factors of 691303765?
5, 138260753
List the prime factors of 183104317.
11, 59, 307, 919
List the prime factors of 5978638.
2, 2989319
What are the prime factors of 761219828?
2, 107, 1778551
List the prime factors of 991744880.
2, 5, 7, 1770973
What are the prime factors of 291288607?
1213, 240139
What are the prime factors of 917769538?
2, 7, 2333, 28099
What are the prime factors of 222837847?
222837847
What are the prime factors of 482614107?
3, 31, 5189399
What are the prime factors of 516524284?
2, 129131071
List the prime factors of 274493728.
2, 8577929
What are the prime factors of 1373612585?
5, 274722517
What are the prime factors of 112798498?
2, 6473, 8713
List the prime factors of 313412330.
2, 5, 7, 11, 58147
What are the prime factors of 2529011372?
2, 31, 2437, 8369
What are the prime factors of 712068214?
2, 11, 13, 2489749
What are the prime factors of 753295219?
20849, 36131
What are the prime factors of 290835045?
3, 5, 6463001
What are the prime factors of 1075226131?
7, 19, 8084407
What are the prime factors of 5999795?
5, 673, 1783
List the prime factors of 8344440288.
2, 3, 71, 136027
What are the prime factors of 3465992260?
2, 5, 4691, 36943
List the prime factors of 257289.
3, 139, 617
List the prime factors of 5953469008.
2, 372091813
What are the prime factors of 48297723?
3, 23, 699967
List the prime factors of 3429430626.
2, 3, 571571771
What are the prime factors of 4676601?
3, 1558867
What are the prime factors of 4421082380?
2, 5, 11, 13, 509, 3037
List the prime factors of 395408764.
2, 98852191
What are the prime factors of 124479815?
5, 149, 167087
What are the prime factors of 6644987028?
2, 3, 37, 191, 26119
What are the prime factors of 898159426?
2, 449079713
What are the prime factors of 178249496?
2, 22281187
List the prime factors of 206216519.
19, 43, 173, 1459
List the prime factors of 124057942.
2, 17, 83, 43961
What are the prime factors of 489600749?
11, 479, 92921
List the prime factors of 138329855.
5, 29, 193, 4943
List the prime factors of 97103394.
2, 3, 1798211
List the prime factors of 1024227441.
3, 17, 127, 52711
List the prime factors of 312821586.
2, 3, 7, 11, 19, 1697
What are the prime factors of 868951842?
2, 3, 11, 13165937
What are the prime factors of 275682633?
3, 59, 97, 16057
What are the prime factors of 125258377?
125258377
List the prime factors of 342116783.
342116783
List the prime factors of 10310233.
23, 113, 3967
List the prime factors of 3237656593.
127, 179, 142421
What are the prime factors of 230398081?
230398081
List the prime factors of 1995157782.
2, 3, 647, 171317
What are the prime factors of 5622631703?
13, 37, 2887, 4049
What are the prime factors of 3033959982?
2, 3, 89, 587, 9679
What are the prime factors of 1595920857?
3, 61, 157, 55547
List the prime factors of 3244949681.
17, 373, 631, 811
What are the prime factors of 24973549?
1399, 17851
What are the prime factors of 232812631?
157, 1482883
What are the prime factors of 181582812?
2, 3, 5043967
List the prime factors of 805796935.
5, 19, 8482073
List the prime factors of 4610646.
2, 3, 256147
List the prime factors of 23020273.
23020273
List the prime factors of 70193597.
179, 392143
List the prime factors of 440433780.
2, 3, 5, 151, 173, 281
List the prime factors of 434833888.
2, 17, 29, 43, 641
What are the prime factors of 4220847446?
2, 37, 57038479
What are the prime factors of 1852820031?
3, 1381, 447217
What are the prime factors of 2768685438?
2, 3, 541, 852953
What are the prime factors of 54467300?
2, 5, 19, 109, 263
What are the prime factors of 765288728?
2, 17, 199, 28277
List the prime factors of 232656473.
7, 29, 1146091
What are the prime factors of 880043025?
3, 5, 11733907
List the prime factors of 2223568841.
13, 19, 71, 103, 1231
List the prime factors of 76807804.
2, 19, 43, 1237
What are the prime factors of 205108611?
3, 47, 73, 19927
What are the prime factors of 180767393?
180767393
List the prime factors of 401210313.
3, 7, 19105253
List the prime factors of 202267503.
3, 7491389
What are the prime factors of 724486175?
5, 7, 4139921
List the prime factors of 526454274.
2, 3, 87742379
List the prime factors of 609977598.
2, 3, 101662933
What are the prime factors of 2566258334?
2, 1283129167
What are the prime factors of 128409487?
263, 488249
What are the prime factors of 56086303?
7, 13, 67, 9199
What are the prime factors of 43923400?
2, 5, 29, 7573
List the prime factors of 267801762.
2, 3, 44633627
List the prime factors of 80174714.
2, 40087357
List the prime factors of 1693873332.
2, 3, 19, 2476423
What are the prime factors of 27955620?
2, 3, 5, 7, 11, 2017
What are the prime factors of 46024280?
2, 5, 47, 24481
What are the prime factors of 1455514006?
2, 727757003
What are the prime factors of 88289277?
3, 41, 43, 16693
What are the prime factors of 90685946?
2, 13, 3487921
What are the prime factors of 811070672?
2, 50691917
What are the prime factors of 3290854070?
2, 5, 7, 43, 1093307
What are the prime factors of 1961442257?
19, 79, 1306757
List the prime factors of 7302993.
3, 73, 33347
What are the prime factors of 4287607173?
3, 476400797
List the prime factors of 36323315.
5, 7, 613, 1693
List the prime factors of 34985418.
2, 3, 13, 448531
List the prime factors of 231905764.
2, 79, 733879
What are the prime factors of 796174147?
31, 229, 112153
List the prime factors of 141584624.
2, 53, 103, 1621
List the prime factors of 204547995.
3, 5, 17, 47, 5689
What are the prime factors of 58223823?
3, 7, 1283, 2161
List the prime factors of 213171656.
2, 26646457
What are the prime factors of 739219113?
3, 239, 281, 1223
List the prime factors of 79917881.
29, 2755789
What are the prime factors of 55789582?
2, 23, 1212817
What are the prime factors of 754869433?
754869433
List the prime factors of 502485973.
11, 139, 328637
List the prime factors of 347604550.
2, 5, 31, 224261
What are the prime factors of 29549019?
3, 677, 14549
What are the prime factors of 1084997666?
2, 542498833
What are the prime factors of 69507646?
2, 13, 919, 2909
List the prime factors of 20802685.
5, 911, 4567
List the prime factors of 20925754.
2, 683, 15319
List the prime factors of 263551230.
2, 3, 5, 59, 49633
What are the prime factors of 283663418?
2, 1901, 74609
What are the prime factors of 209828736?
2, 3, 13, 14011
What are the prime factors of 4783564?
2, 1195891
List the prime factors of 1291730476.
2, 322932619
List the prime factors of 78079804.
2, 11, 1774541
List the prime factors of 262168503.
3, 2039, 42859
List the prime factors of 487976675.
5, 19519067
List the prime factors of 412457267.
5039, 81853
List the prime factors of 1442612683.
31, 6199, 7507
List the prime factors of 600536512.
2, 41, 79, 2897
List the prime factors of 447302794.
2, 223651397
List the prime factors of 83707130.
2, 5, 13, 31, 20771
List the prime factors of 5688998602.
2, 7, 463, 877661
List the prime factors of 15304648.
2, 1913081
List the prime factors of 49122324.
2, 3, 61, 22369
What are the prime factors of 2676728846?
2, 11, 17, 59149
List the prime factors of 8580642.
2, 3, 7, 204301
List the prime factors